{"id":268,"date":"2022-09-15T15:22:44","date_gmt":"2022-09-15T13:22:44","guid":{"rendered":"https:\/\/dauncampanileallaltro.ch\/?page_id=268"},"modified":"2025-11-30T15:10:13","modified_gmt":"2025-11-30T13:10:13","slug":"orari-sante-messe","status":"publish","type":"page","link":"https:\/\/dauncampanileallaltro.ch\/?page_id=268","title":{"rendered":"Orari Sante Messe"},"content":{"rendered":"\n<figure class=\"wp-block-image size-large\"><img loading=\"lazy\" decoding=\"async\" width=\"791\" height=\"1024\" src=\"https:\/\/dauncampanileallaltro.ch\/wp-content\/uploads\/2026\/04\/Orari-Sante-Messe-festive_aprile_2026_-Vernate_Neggio_Iseo-Cimo-1-791x1024.jpg\" alt=\"\" class=\"wp-image-2913\" srcset=\"https:\/\/dauncampanileallaltro.ch\/wp-content\/uploads\/2026\/04\/Orari-Sante-Messe-festive_aprile_2026_-Vernate_Neggio_Iseo-Cimo-1-791x1024.jpg 791w, https:\/\/dauncampanileallaltro.ch\/wp-content\/uploads\/2026\/04\/Orari-Sante-Messe-festive_aprile_2026_-Vernate_Neggio_Iseo-Cimo-1-232x300.jpg 232w, https:\/\/dauncampanileallaltro.ch\/wp-content\/uploads\/2026\/04\/Orari-Sante-Messe-festive_aprile_2026_-Vernate_Neggio_Iseo-Cimo-1-768x994.jpg 768w, https:\/\/dauncampanileallaltro.ch\/wp-content\/uploads\/2026\/04\/Orari-Sante-Messe-festive_aprile_2026_-Vernate_Neggio_Iseo-Cimo-1-1187x1536.jpg 1187w, https:\/\/dauncampanileallaltro.ch\/wp-content\/uploads\/2026\/04\/Orari-Sante-Messe-festive_aprile_2026_-Vernate_Neggio_Iseo-Cimo-1.jpg 1224w\" sizes=\"auto, (max-width: 767px) 89vw, (max-width: 1000px) 54vw, (max-width: 1071px) 543px, 580px\" \/><\/figure>\n\n\n\n<p>A partire da gioved\u00ec 2 ottobre 2025, nella Chiesa dei SS. Rocco e Sebastiano di Vernate, si terr\u00e0 ogni gioved\u00ec un momento di adorazione e recita del Santo Rosario, prima della Santa Messa delle ore 08:30.<\/p>\n\n\n\n<p>Inoltre, c\u2019\u00e8 la possibilit\u00e0, per chi lo desidera, di accostarsi al Sacramento della Riconciliazione prima o dopo la Messa di ogni gioved\u00ec.<\/p>\n\n\n\n<p><\/p>\n","protected":false},"excerpt":{"rendered":"<p>A partire da gioved\u00ec 2 ottobre 2025, nella Chiesa dei SS. Rocco e Sebastiano di Vernate, si terr\u00e0 ogni gioved\u00ec un momento di adorazione e recita del Santo Rosario, prima della Santa Messa delle ore 08:30. Inoltre, c\u2019\u00e8 la possibilit\u00e0, per chi lo desidera, di accostarsi al Sacramento della Riconciliazione prima o dopo la Messa &hellip; <\/p>\n<p class=\"link-more\"><a href=\"https:\/\/dauncampanileallaltro.ch\/?page_id=268\" class=\"more-link\">Leggi tutto<span class=\"screen-reader-text\"> &#8220;Orari Sante Messe&#8221;<\/span><\/a><\/p>\n","protected":false},"author":1,"featured_media":0,"parent":0,"menu_order":0,"comment_status":"closed","ping_status":"closed","template":"","meta":{"_monsterinsights_skip_tracking":false,"_monsterinsights_sitenote_active":false,"_monsterinsights_sitenote_note":"","_monsterinsights_sitenote_category":0,"footnotes":""},"class_list":["post-268","page","type-page","status-publish","hentry"],"aioseo_notices":[],"_links":{"self":[{"href":"https:\/\/dauncampanileallaltro.ch\/index.php?rest_route=\/wp\/v2\/pages\/268","targetHints":{"allow":["GET"]}}],"collection":[{"href":"https:\/\/dauncampanileallaltro.ch\/index.php?rest_route=\/wp\/v2\/pages"}],"about":[{"href":"https:\/\/dauncampanileallaltro.ch\/index.php?rest_route=\/wp\/v2\/types\/page"}],"author":[{"embeddable":true,"href":"https:\/\/dauncampanileallaltro.ch\/index.php?rest_route=\/wp\/v2\/users\/1"}],"replies":[{"embeddable":true,"href":"https:\/\/dauncampanileallaltro.ch\/index.php?rest_route=%2Fwp%2Fv2%2Fcomments&post=268"}],"version-history":[{"count":254,"href":"https:\/\/dauncampanileallaltro.ch\/index.php?rest_route=\/wp\/v2\/pages\/268\/revisions"}],"predecessor-version":[{"id":2806,"href":"https:\/\/dauncampanileallaltro.ch\/index.php?rest_route=\/wp\/v2\/pages\/268\/revisions\/2806"}],"wp:attachment":[{"href":"https:\/\/dauncampanileallaltro.ch\/index.php?rest_route=%2Fwp%2Fv2%2Fmedia&parent=268"}],"curies":[{"name":"wp","href":"https:\/\/api.w.org\/{rel}","templated":true}]}}

<figure class="wp-block-image size-large"><img loading="lazy" decoding="async" width="791" height="1024" src="https://dauncampanileallaltro.ch/wp-content/uploads/2026/04/Orari-Sante-Messe-festive_aprile_2026_-Vernate_Neggio_Iseo-Cimo-1-791x1024.jpg" alt="" class="wp-image-2913" srcset="https://dauncampanileallaltro.ch/wp-content/uploads/2026/04/Orari-Sante-Messe-festive_aprile_2026_-Vernate_Neggio_Iseo-Cimo-1-791x1024.jpg 791w, https://dauncampanileallaltro.ch/wp-content/uploads/2026/04/Orari-Sante-Messe-festive_aprile_2026_-Vernate_Neggio_Iseo-Cimo-1-232x300.jpg 232w, https://dauncampanileallaltro.ch/wp-content/uploads/2026/04/Orari-Sante-Messe-festive_aprile_2026_-Vernate_Neggio_Iseo-Cimo-1-768x994.jpg 768w, https://dauncampanileallaltro.ch/wp-content/uploads/2026/04/Orari-Sante-Messe-festive_aprile_2026_-Vernate_Neggio_Iseo-Cimo-1-1187x1536.jpg 1187w, https://dauncampanileallaltro.ch/wp-content/uploads/2026/04/Orari-Sante-Messe-festive_aprile_2026_-Vernate_Neggio_Iseo-Cimo-1.jpg 1224w" sizes="auto, (max-width: 767px) 89vw, (max-width: 1000px) 54vw, (max-width: 1071px) 543px, 580px" /></figure>



<p>A partire da giovedì 2 ottobre 2025, nella Chiesa dei SS. Rocco e Sebastiano di Vernate, si terrà ogni giovedì un momento di adorazione e recita del Santo Rosario, prima della Santa Messa delle ore 08:30.</p>



<p>Inoltre, c’è la possibilità, per chi lo desidera, di accostarsi al Sacramento della Riconciliazione prima o dopo la Messa di ogni giovedì.</p>



<p></p>

<p>A partire da giovedì 2 ottobre 2025, nella Chiesa dei SS. Rocco e Sebastiano di Vernate, si terrà ogni giovedì un momento di adorazione e recita del Santo Rosario, prima della Santa Messa delle ore 08:30. Inoltre, c’è la possibilità, per chi lo desidera, di accostarsi al Sacramento della Riconciliazione prima o dopo la Messa &hellip; </p>
<p class="link-more"><a href="https://dauncampanileallaltro.ch/?page_id=268" class="more-link">Leggi tutto<span class="screen-reader-text"> &#8220;Orari Sante Messe&#8221;</span></a></p>
